{"id":6,"date":"2011-01-22T23:15:24","date_gmt":"2011-01-22T23:15:24","guid":{"rendered":"http:\/\/onhaka.wordpress.com\/?page_id=2"},"modified":"2023-12-01T14:57:00","modified_gmt":"2023-12-01T11:57:00","slug":"hakkinda","status":"publish","type":"page","link":"https:\/\/www.onhaka.com\/?page_id=6","title":{"rendered":"Kimdir, Nedir?"},"content":{"rendered":"<p style=\"text-align: left;\"><span style=\"color: #333333;\">\u00a0\u00a0\u00a0\u00a0 Efendim selamlar, sayg\u0131lar \u00f6ncelikle. Ben \u00d6nder. T\u00fcrkiye&#8217;nin di\u011fer senelerine oranla daha s\u0131k\u0131nt\u0131l\u0131 bir \u015fekilde ge\u00e7irmi\u015f oldu\u011fu 1980 senesinin sonlar\u0131na do\u011fru, \u015fu anda yerinde yeller esen bir devlet hastanesinde do\u011fmu\u015fum. O zamandan bu zamana 40 k\u00fcs\u00fcr sene ge\u00e7ti. Halen daha do\u011fdu\u011fum andaki kadar kendimi bo\u015f hissetsem de bir k\u0131s\u0131m \u015feyler ald\u0131k hayattan diye umut ediyorum. Alamad\u0131ysak da yapacak bir \u015fey yok..<\/span><\/p>\n<p style=\"text-align: left;\"><span style=\"color: #333333;\">\u00a0\u00a0\u00a0\u00a0 Bu web sitesini temelde Msn Spaces denen tarih \u00f6ncesi devirlere ait olan blog sitesi kapat\u0131ld\u0131\u011f\u0131 i\u00e7in a\u00e7ma ihtiyac\u0131 duymu\u015ftum, bundan seneler seneler \u00f6nce. Msn Spaces d\u00f6neminde kafama g\u00f6re bir \u015feyler yaz\u0131p \u00e7izmek, daha do\u011frusu sa\u00e7ma da olsa bir\u015feyler karalayabilmek i\u00e7in ihtiya\u00e7 duydu\u011fum bir alan olarak de\u011ferlendirmi\u015ftim. Zaman zaman \u00e7ok bo\u015flad\u0131m. Ne girip bakt\u0131m, ne de ilgilendim. Bo\u015flamad\u0131\u011f\u0131m zamanlarda da \u00e7ok b\u00fcy\u00fck emeklerle yaz\u0131lar yazd\u0131\u011f\u0131m s\u00f6ylenemez \ud83d\ude42<\/span><\/p>\n<p>Sevgi ve sayg\u0131lar\u0131mla..<\/p>\n<p><strong>OnHaKa\u00a0 \u00f8\u00a0 Since 1998<\/strong><\/p>\n\n\n<p><\/p>\n","protected":false},"excerpt":{"rendered":"<p>\u00a0\u00a0\u00a0\u00a0 Efendim selamlar, sayg\u0131lar \u00f6ncelikle. Ben \u00d6nder. T\u00fcrkiye&#8217;nin di\u011fer senelerine oranla daha s\u0131k\u0131nt\u0131l\u0131 bir \u015fekilde ge\u00e7irmi\u015f oldu\u011fu 1980 senesinin sonlar\u0131na do\u011fru, \u015fu anda yerinde yeller esen bir devlet hastanesinde do\u011fmu\u015fum. O zamandan bu zamana 40 k\u00fcs\u00fcr sene ge\u00e7ti. Halen daha&#8230;<\/p>\n<div class=\"more-link-wrapper\"><a class=\"more-link\" href=\"https:\/\/www.onhaka.com\/?page_id=6\">Devam\u0131n\u0131 Oku..<span class=\"screen-reader-text\">Kimdir, Nedir?<\/span><\/a><\/div>\n","protected":false},"author":1,"featured_media":0,"parent":0,"menu_order":0,"comment_status":"closed","ping_status":"open","template":"","meta":{"iawp_total_views":0,"footnotes":""},"class_list":["post-6","page","type-page","status-publish","hentry","entry"],"_links":{"self":[{"href":"https:\/\/www.onhaka.com\/index.php?rest_route=\/wp\/v2\/pages\/6","targetHints":{"allow":["GET"]}}],"collection":[{"href":"https:\/\/www.onhaka.com\/index.php?rest_route=\/wp\/v2\/pages"}],"about":[{"href":"https:\/\/www.onhaka.com\/index.php?rest_route=\/wp\/v2\/types\/page"}],"author":[{"embeddable":true,"href":"https:\/\/www.onhaka.com\/index.php?rest_route=\/wp\/v2\/users\/1"}],"replies":[{"embeddable":true,"href":"https:\/\/www.onhaka.com\/index.php?rest_route=%2Fwp%2Fv2%2Fcomments&post=6"}],"version-history":[{"count":14,"href":"https:\/\/www.onhaka.com\/index.php?rest_route=\/wp\/v2\/pages\/6\/revisions"}],"predecessor-version":[{"id":595,"href":"https:\/\/www.onhaka.com\/index.php?rest_route=\/wp\/v2\/pages\/6\/revisions\/595"}],"wp:attachment":[{"href":"https:\/\/www.onhaka.com\/index.php?rest_route=%2Fwp%2Fv2%2Fmedia&parent=6"}],"curies":[{"name":"wp","href":"https:\/\/api.w.org\/{rel}","templated":true}]}}